{"id":195,"date":"2020-10-15T14:13:56","date_gmt":"2020-10-15T14:13:56","guid":{"rendered":"https:\/\/www.multasleon.com\/?page_id=195"},"modified":"2021-11-10T18:03:28","modified_gmt":"2021-11-10T18:03:28","slug":"inicio","status":"publish","type":"page","link":"https:\/\/www.multasleon.com\/","title":{"rendered":"INICIO"},"content":{"rendered":"\n<div class=\"wp-block-image\"><figure class=\"aligncenter size-large\"><img loading=\"lazy\" width=\"900\" height=\"1024\" src=\"http:\/\/www.multasleon.com\/wp-content\/uploads\/multasleon3.-1-900x1024.jpg\" alt=\"\" class=\"wp-image-381\" srcset=\"https:\/\/www.multasleon.com\/wp-content\/uploads\/multasleon3.-1-900x1024.jpg 900w, https:\/\/www.multasleon.com\/wp-content\/uploads\/multasleon3.-1-264x300.jpg 264w, https:\/\/www.multasleon.com\/wp-content\/uploads\/multasleon3.-1-768x874.jpg 768w, https:\/\/www.multasleon.com\/wp-content\/uploads\/multasleon3.-1-1350x1536.jpg 1350w, https:\/\/www.multasleon.com\/wp-content\/uploads\/multasleon3.-1-1800x2048.jpg 1800w\" sizes=\"(max-width: 900px) 100vw, 900px\" \/><\/figure><\/div>\n\n\n\n<p class=\"has-text-align-center has-medium-font-size\"><span style=\"color: #ff00ff;\"><strong><span class=\"has-inline-color has-vivid-purple-color\">Espacio destinado para ayudar a la gente de Le\u00f3n&nbsp; <\/span><\/strong> <strong><span class=\"has-inline-color has-vivid-purple-color\">cuando les est\u00e9n &nbsp;  tramitando alg\u00fan   expediente sancionador.<\/span><\/strong><\/span><\/p>\n\n\n\n<h2 class=\"has-text-align-center has-small-font-size\"><span class=\"has-inline-color has-vivid-cyan-blue-color\" style=\"color: #0000ff;\"><strong>\u00bfQUI\u00c9N SOY?<\/strong><\/span><\/h2>\n\n\n\n<div class=\"wp-block-image\"><figure class=\"aligncenter size-large\"><img loading=\"lazy\" width=\"603\" height=\"175\" src=\"http:\/\/www.multasleon.com\/wp-content\/uploads\/multasleon1.jpg\" alt=\"\" class=\"wp-image-207\" srcset=\"https:\/\/www.multasleon.com\/wp-content\/uploads\/multasleon1.jpg 603w, https:\/\/www.multasleon.com\/wp-content\/uploads\/multasleon1-300x87.jpg 300w\" sizes=\"(max-width: 603px) 100vw, 603px\" \/><\/figure><\/div>\n\n\n\n<p class=\"has-text-align-center\"><strong><span class=\"has-inline-color has-black-color\">\u00abTe ayudo en tu derecho a ser o\u00eddo en cualquier expediente sancionador\u00bb<\/span><\/strong><\/p>\n\n\n\n<h2 class=\"has-text-align-center\"><span style=\"color: #0000ff;\"><strong>\u00bfC\u00d3MO TE AYUDO?<\/strong><\/span><\/h2>\n\n\n\n<div class=\"wp-block-image\"><figure class=\"aligncenter size-large\"><img loading=\"lazy\" width=\"722\" height=\"1024\" src=\"http:\/\/www.multasleon.com\/wp-content\/uploads\/secuencia.-1-722x1024.jpg\" alt=\"\" class=\"wp-image-343\" srcset=\"https:\/\/www.multasleon.com\/wp-content\/uploads\/secuencia.-1-722x1024.jpg 722w, https:\/\/www.multasleon.com\/wp-content\/uploads\/secuencia.-1-211x300.jpg 211w, https:\/\/www.multasleon.com\/wp-content\/uploads\/secuencia.-1-768x1089.jpg 768w, https:\/\/www.multasleon.com\/wp-content\/uploads\/secuencia.-1-1083x1536.jpg 1083w, https:\/\/www.multasleon.com\/wp-content\/uploads\/secuencia.-1-1444x2048.jpg 1444w, https:\/\/www.multasleon.com\/wp-content\/uploads\/secuencia.-1-scaled.jpg 1805w\" sizes=\"(max-width: 722px) 100vw, 722px\" \/><\/figure><\/div>\n\n\n\n<h2 class=\"has-text-align-center\"><span style=\"color:#0a06f4\" class=\"has-inline-color\"><strong>ACTUACIONES COVID-19<\/strong><\/span><\/h2>\n\n\n\n<div class=\"wp-block-image\"><figure class=\"aligncenter size-large\"><img loading=\"lazy\" width=\"729\" height=\"1024\" src=\"https:\/\/www.multasleon.com\/wp-content\/uploads\/hosteleria.-1-729x1024.jpg\" alt=\"\" class=\"wp-image-396\" srcset=\"https:\/\/www.multasleon.com\/wp-content\/uploads\/hosteleria.-1-729x1024.jpg 729w, https:\/\/www.multasleon.com\/wp-content\/uploads\/hosteleria.-1-214x300.jpg 214w, https:\/\/www.multasleon.com\/wp-content\/uploads\/hosteleria.-1-768x1079.jpg 768w, https:\/\/www.multasleon.com\/wp-content\/uploads\/hosteleria.-1-1093x1536.jpg 1093w, https:\/\/www.multasleon.com\/wp-content\/uploads\/hosteleria.-1-1458x2048.jpg 1458w, https:\/\/www.multasleon.com\/wp-content\/uploads\/hosteleria.-1-scaled.jpg 1822w\" sizes=\"(max-width: 729px) 100vw, 729px\" \/><\/figure><\/div>\n\n\n\n<div class=\"wp-block-image\"><figure class=\"aligncenter size-large\"><img loading=\"lazy\" width=\"1024\" height=\"732\" src=\"https:\/\/www.multasleon.com\/wp-content\/uploads\/resp-patr.-3-1024x732.jpg\" alt=\"\" class=\"wp-image-411\" srcset=\"https:\/\/www.multasleon.com\/wp-content\/uploads\/resp-patr.-3-1024x732.jpg 1024w, https:\/\/www.multasleon.com\/wp-content\/uploads\/resp-patr.-3-300x214.jpg 300w, https:\/\/www.multasleon.com\/wp-content\/uploads\/resp-patr.-3-768x549.jpg 768w, https:\/\/www.multasleon.com\/wp-content\/uploads\/resp-patr.-3-1536x1097.jpg 1536w, https:\/\/www.multasleon.com\/wp-content\/uploads\/resp-patr.-3-2048x1463.jpg 2048w\" sizes=\"(max-width: 1024px) 100vw, 1024px\" \/><\/figure><\/div>\n\n\n\n<figure class=\"wp-block-image size-large\"><img loading=\"lazy\" width=\"1024\" height=\"722\" src=\"https:\/\/www.multasleon.com\/wp-content\/uploads\/extranjeria-clases-nacionalidad.-1024x722.jpg\" alt=\"\" class=\"wp-image-420\" srcset=\"https:\/\/www.multasleon.com\/wp-content\/uploads\/extranjeria-clases-nacionalidad.-1024x722.jpg 1024w, https:\/\/www.multasleon.com\/wp-content\/uploads\/extranjeria-clases-nacionalidad.-300x212.jpg 300w, https:\/\/www.multasleon.com\/wp-content\/uploads\/extranjeria-clases-nacionalidad.-768x542.jpg 768w, https:\/\/www.multasleon.com\/wp-content\/uploads\/extranjeria-clases-nacionalidad.-1536x1083.jpg 1536w, https:\/\/www.multasleon.com\/wp-content\/uploads\/extranjeria-clases-nacionalidad.-2048x1444.jpg 2048w\" sizes=\"(max-width: 1024px) 100vw, 1024px\" \/><\/figure>\n\n\n\n<figure class=\"wp-block-image size-large\"><img loading=\"lazy\" width=\"1024\" height=\"724\" src=\"https:\/\/www.multasleon.com\/wp-content\/uploads\/phishing.-1024x724.jpg\" alt=\"\" class=\"wp-image-424\" srcset=\"https:\/\/www.multasleon.com\/wp-content\/uploads\/phishing.-1024x724.jpg 1024w, https:\/\/www.multasleon.com\/wp-content\/uploads\/phishing.-300x212.jpg 300w, https:\/\/www.multasleon.com\/wp-content\/uploads\/phishing.-768x543.jpg 768w, https:\/\/www.multasleon.com\/wp-content\/uploads\/phishing.-1536x1086.jpg 1536w, https:\/\/www.multasleon.com\/wp-content\/uploads\/phishing.-2048x1449.jpg 2048w\" sizes=\"(max-width: 1024px) 100vw, 1024px\" \/><\/figure>\n\n\n\n<figure class=\"wp-block-image size-large\"><img loading=\"lazy\" width=\"1024\" height=\"726\" src=\"https:\/\/www.multasleon.com\/wp-content\/uploads\/Rec-extr.-1024x726.jpg\" alt=\"\" class=\"wp-image-425\" srcset=\"https:\/\/www.multasleon.com\/wp-content\/uploads\/Rec-extr.-1024x726.jpg 1024w, https:\/\/www.multasleon.com\/wp-content\/uploads\/Rec-extr.-300x213.jpg 300w, https:\/\/www.multasleon.com\/wp-content\/uploads\/Rec-extr.-768x544.jpg 768w, https:\/\/www.multasleon.com\/wp-content\/uploads\/Rec-extr.-1536x1088.jpg 1536w, https:\/\/www.multasleon.com\/wp-content\/uploads\/Rec-extr.-2048x1451.jpg 2048w\" sizes=\"(max-width: 1024px) 100vw, 1024px\" \/><\/figure>\n","protected":false},"excerpt":{"rendered":"<p>Espacio destinado para ayudar a la gente de Le\u00f3n&nbsp; cuando les est\u00e9n &nbsp; tramitando alg\u00fan expediente sancionador. \u00bfQUI\u00c9N SOY? \u00abTe ayudo en tu derecho a ser o\u00eddo en cualquier expediente sancionador\u00bb \u00bfC\u00d3MO TE AYUDO? ACTUACIONES COVID-19<\/p>\n","protected":false},"author":1,"featured_media":0,"parent":0,"menu_order":0,"comment_status":"closed","ping_status":"closed","template":"","meta":[],"yoast_head":"<!-- This site is optimized with the Yoast SEO plugin v15.1.1 - https:\/\/yoast.com\/wordpress\/plugins\/seo\/ -->\n<title>INICIO -<\/title>\n<meta name=\"description\" content=\"Te ayudo a ser o\u00eddo en cualquier &quot;EXPEDIENTE SANCIONADOR&quot; ...TR\u00c1FICO ... AYUNTAMIENTO ... JCyL ... SUBDELEGACI\u00d3N DE GOBIERNO ... TRABAJO y SS...\" \/>\n<meta name=\"robots\" content=\"index, follow, max-snippet:-1, max-image-preview:large, max-video-preview:-1\" \/>\n<link rel=\"canonical\" href=\"http:\/\/www.multasleon.com\/\" \/>\n<meta property=\"og:locale\" content=\"es_ES\" \/>\n<meta property=\"og:type\" content=\"article\" \/>\n<meta property=\"og:title\" content=\"INICIO -\" \/>\n<meta property=\"og:description\" content=\"Te ayudo a ser o\u00eddo en cualquier &quot;EXPEDIENTE SANCIONADOR&quot; ...TR\u00c1FICO ... AYUNTAMIENTO ... JCyL ... SUBDELEGACI\u00d3N DE GOBIERNO ... TRABAJO y SS...\" \/>\n<meta property=\"og:url\" content=\"http:\/\/www.multasleon.com\/\" \/>\n<meta property=\"article:modified_time\" content=\"2021-11-10T18:03:28+00:00\" \/>\n<meta property=\"og:image\" content=\"http:\/\/www.multasleon.com\/wp-content\/uploads\/multasleon3.-1-900x1024.jpg\" \/>\n<meta name=\"twitter:card\" content=\"summary_large_image\" \/>\n<script type=\"application\/ld+json\" class=\"yoast-schema-graph\">{\"@context\":\"https:\/\/schema.org\",\"@graph\":[{\"@type\":[\"Person\",\"Organization\"],\"@id\":\"https:\/\/www.multasleon.com\/#\/schema\/person\/dfdd021f28f3e23df654c54e2e976226\",\"name\":\"admin\",\"image\":{\"@type\":\"ImageObject\",\"@id\":\"https:\/\/www.multasleon.com\/#personlogo\",\"inLanguage\":\"es\",\"url\":\"https:\/\/secure.gravatar.com\/avatar\/3c92b5674dcd51b9c2c941d7be86f6f6?s=96&d=mm&r=g\",\"caption\":\"admin\"},\"logo\":{\"@id\":\"https:\/\/www.multasleon.com\/#personlogo\"},\"sameAs\":[\"http:\/\/www.sobrevivir.online\"]},{\"@type\":\"WebSite\",\"@id\":\"https:\/\/www.multasleon.com\/#website\",\"url\":\"https:\/\/www.multasleon.com\/\",\"name\":\"\",\"description\":\"&quot;Te ayudo en tu derecho a ser o&iacute;do en cualquier expediente sancionador&quot;\",\"publisher\":{\"@id\":\"https:\/\/www.multasleon.com\/#\/schema\/person\/dfdd021f28f3e23df654c54e2e976226\"},\"potentialAction\":[{\"@type\":\"SearchAction\",\"target\":\"https:\/\/www.multasleon.com\/?s={search_term_string}\",\"query-input\":\"required name=search_term_string\"}],\"inLanguage\":\"es\"},{\"@type\":\"ImageObject\",\"@id\":\"http:\/\/www.multasleon.com\/#primaryimage\",\"inLanguage\":\"es\",\"url\":\"http:\/\/www.multasleon.com\/wp-content\/uploads\/multasleon3.-1-900x1024.jpg\"},{\"@type\":\"WebPage\",\"@id\":\"http:\/\/www.multasleon.com\/#webpage\",\"url\":\"http:\/\/www.multasleon.com\/\",\"name\":\"INICIO -\",\"isPartOf\":{\"@id\":\"https:\/\/www.multasleon.com\/#website\"},\"primaryImageOfPage\":{\"@id\":\"http:\/\/www.multasleon.com\/#primaryimage\"},\"datePublished\":\"2020-10-15T14:13:56+00:00\",\"dateModified\":\"2021-11-10T18:03:28+00:00\",\"description\":\"Te ayudo a ser o\\u00eddo en cualquier \\\"EXPEDIENTE SANCIONADOR\\\" ...TR\\u00c1FICO ... AYUNTAMIENTO ... JCyL ... SUBDELEGACI\\u00d3N DE GOBIERNO ... TRABAJO y SS...\",\"inLanguage\":\"es\",\"potentialAction\":[{\"@type\":\"ReadAction\",\"target\":[\"http:\/\/www.multasleon.com\/\"]}]}]}<\/script>\n<!-- \/ Yoast SEO plugin. -->","_links":{"self":[{"href":"https:\/\/www.multasleon.com\/index.php\/wp-json\/wp\/v2\/pages\/195"}],"collection":[{"href":"https:\/\/www.multasleon.com\/index.php\/wp-json\/wp\/v2\/pages"}],"about":[{"href":"https:\/\/www.multasleon.com\/index.php\/wp-json\/wp\/v2\/types\/page"}],"author":[{"embeddable":true,"href":"https:\/\/www.multasleon.com\/index.php\/wp-json\/wp\/v2\/users\/1"}],"replies":[{"embeddable":true,"href":"https:\/\/www.multasleon.com\/index.php\/wp-json\/wp\/v2\/comments?post=195"}],"version-history":[{"count":45,"href":"https:\/\/www.multasleon.com\/index.php\/wp-json\/wp\/v2\/pages\/195\/revisions"}],"predecessor-version":[{"id":426,"href":"https:\/\/www.multasleon.com\/index.php\/wp-json\/wp\/v2\/pages\/195\/revisions\/426"}],"wp:attachment":[{"href":"https:\/\/www.multasleon.com\/index.php\/wp-json\/wp\/v2\/media?parent=195"}],"curies":[{"name":"wp","href":"https:\/\/api.w.org\/{rel}","templated":true}]}}